e the remainder when 5038 is divided by 24.
22
What is the remainder when 62 is divided by 34?
28
Calculate the remainder when 1579 is divided by 158.
157
Calculate the remainder when 142 is divided by 29.
26
Calculate the remainder when 57 is divided by 36.
21
Calculate the remainder when 481 is divided by 163.
155
What is the remainder when 560 is divided by 107?
25
What is the remainder when 475 is divided by 30?
25
Calculate the remainder when 229 is divided by 46.
45
Calculate the remainder when 169 is divided by 34.
33
Calculate the remainder when 155 is divided by 23.
17
Calculate the remainder when 57 is divided by 27.
3
Calculate the remainder when 78 is divided by 41.
37
What is the remainder when 1509 is divided by 36?
33
What is the remainder when 1165 is divided by 570?
25
What is the remainder when 207 is divided by 53?
48
Calculate the remainder when 40 is divided by 5.
0
What is the remainder when 123 is divided by 21?
18
What is the remainder when 11248 is divided by 134?
126
What is the remainder when 30 is divided by 12?
6
Calculate the remainder when 1971 is divided by 68.
67
What is the remainder when 48 is divided by 29?
19
Calculate the remainder when 261 is divided by 4.
1
Calculate the remainder when 751 is divided by 12.
7
What is the remainder when 814 is divided by 200?
14
Calculate the remainder when 393 is divided by 80.
73
Calculate the remainder when 1820 is divided by 24.
20
What is the remainder when 750 is divided by 47?
45
Calculate the remainder when 1370 is divided by 153.
146
Calculate the remainder when 579 is divided by 21.
12
What is the remainder when 368 is divided by 93?
89
What is the remainder when 477 is divided by 48?
45
Calculate the remainder when 41 is divided by 22.
19
Calculate the remainder when 137 is divided by 37.
26
What is the remainder when 361 is divided by 332?
29
Calculate the remainder when 95 is divided by 10.
5
Calculate the remainder when 383 is divided by 48.
47
What is the remainder when 343 is divided by 66?
13
Calculate the remainder when 1055 is divided by 53.
48
Calculate the remainder when 9592 is divided by 6.
4
What is the remainder when 33 is divided by 20?
13
Calculate the remainder when 354 is divided by 18.
12
What is the remainder when 48 is divided by 31?
17
What is the remainder when 200 is divided by 2?
0
Calculate the remainder when 73 is divided by 23.
4
What is the remainder when 536 is divided by 7?
4
What is the remainder when 51 is divided by 7?
2
What is the remainder when 337 is divided by 31?
27
Calculate the remainder when 285 is divided by 85.
30
Calculate the remainder when 217 is divided by 183.
34
Calculate the remainder when 791 is divided by 3.
2
What is the remainder when 261 is divided by 77?
30
Calculate the remainder when 1471 is divided by 11.
8
What is the remainder when 234 is divided by 5?
4
Calculate the remainder when 501 is divided by 8.
5
Calculate the remainder when 3535 is divided by 60.
55
What is the remainder when 282 is divided by 4?
2
What is the remainder when 34965 is divided by 186?
183
What is the remainder when 1852 is divided by 372?
364
Calculate the remainder when 77 is divided by 9.
5
Calculate the remainder when 90 is divided by 14.
6
What is the remainder when 4743 is divided by 73?
71
Calculate the remainder when 48 is divided by 12.
0
What is the remainder when 122 is divided by 27?
14
What is the remainder when 2847 is divided by 89?
88
What is the remainder when 56 is divided by 23?
10
Calculate the remainder when 5355 is divided by 1782.
9
What is the remainder when 53 is divided by 22?
9
Calculate the remainder when 4676 is divided by 39.
35
What is the remainder when 113 is divided by 4?
1
What is the remainder when 438 is divided by 149?
140
What is the remainder when 218 is divided by 96?
26
Calculate the remainder when 3708 is divided by 186.
174
What is the remainder when 36593 is divided by 7?
4
What is the remainder when 110 is divided by 37?
36
Calculate the remainder when 6967 is divided by 83.
78
Calculate the remainder when 47 is divided by 33.
14
What is the remainder when 2242 is divided by 245?
37
What is the remainder when 578 is divided by 79?
25
What is the remainder when 141 is divided by 49?
43
What is the remainder when 6897 is divided by 20?
17
What is the remainder when 5878 is divided by 70?
68
What is the remainder when 3525 is divided by 251?
11
Calculate the remainder when 103 is divided by 28.
19
Calculate the remainder when 3310 is divided by 1084.
58
Calculate the remainder when 3294 is divided by 469.
11
Calculate the remainder when 1013 is divided by 39.
38
What is the remainder when 49 is divided by 33?
16
What is the remainder when 13913 is divided by 98?
95
What is the remainder when 15 is divided by 7?
1
Calculate the remainder when 132 is divided by 25.
7
Calculate the remainder when 979 is divided by 144.
115
What is the remainder when 966 is divided by 57?
54
Calculate the remainder when 312 is divided by 15.
12
What is the remainder when 107 is divided by 11?
8
Calculate the remainder when 95 is divided by 17.
10
What is the remainder when 769 is divided by 149?
24
Calculate the remainder when 2455 is divided by 21.
19
Calculate the remainder when 4731 is divided by 93.
81
Calculate the remainder when 665 is divided by 340.
325
What is the remainder when 193 is divided by 50?
43
Calculate the remainder when 1179 is divided by 70.
59
Calculate the remainder when 709 is divided by 80.
69
Calculate the remainder when 84 is divided by 28.
0
Calculate the remainder when 413 is divided by 26.
23
What is the remainder when 1212 is divided by 361?
129
What is the remainder when 244 is divided by 56?
20
Calculate the remainder when 126 is divided by 38.
12
Calculate the remainder when 69 is divided by 2.
1
Calculate the remainder when 119 is divided by 31.
26
Calculate the remainder when 144 is divided by 21.
18
What is the remainder when 96 is divided by 14?
12
Calculate the remainder when 2988 is divided by 299.
297
Calculate the remainder when 152 is divided by 39.
35
Calculate the remainder when 582 is divided by 118.
110
What is the remainder when 439 is divided by 10?
9
What is the remainder when 203 is divided by 34?
33
What is the remainder when 356 is divided by 346?
10
What is the remainder when 19 is divided by 3?
1
Calculate the remainder when 48 is divided by 38.
10
Calculate the remainder when 49 is divided by 10.
9
Calculate the remainder when 185 is divided by 31.
30
Calculate the remainder when 824 is divided by 15.
14
What is the remainder when 1014 is divided by 15?
9
What is the remainder when 63247 is divided by 67?
66
What is the remainder when 570 is divided by 82?
78
What is the remainder when 1778 is divided by 85?
78
Calculate the remainder when 3071 is divided by 22.
13
Calculate the remainder when 1387 is divided by 1376.
11
Calculate the remainder when 652 is divided by 47.
41
What is the remainder when 125 is divided by 14?
13
What is the remainder when 1370 is divided by 235?
195
What is the remainder when 487 is divided by 13?
6
Calculate the remainder when 2272 is divided by 6.
4
What is the remainder when 55 is divided by 21?
13
Calculate the remainder when 719 is divided by 181.
176
What is the remainder when 12 is divided by 1?
0
What is the remainder when 1429 is divided by 334?
93
Calculate the remainder when 424 is divided by 71.
69
What is the remainder when 77 is divided by 23?
8
Calculate the remainder when 189 is divided by 10.
9
What is the remainder when 60 is divided by 17?
9
Calculate the remainder when 1014 is divided by 5.
4
What is the remainder when 21981 is divided by 24?
21
What is the remainder when 382 is divided by 16?
14
What is the remainder when 58 is divided by 20?
18
Calculate the remainder when 589 is divided by 30.
19
Calculate the remainder when 1131 is divided by 4.
3
Calculate the remainder when 546 is divided by 16.
2
What is the remainder when 359 is divided by 64?
39
Calculate the remainder when 3091 is divided by 119.
116
What is the remainder when 2195 is divided by 43?
2
Calculate the remainder when 131 is divided by 38.
17
What is the remainder when 395 is divided by 139?
117
What is the remainder when 